{"id":1429271,"date":"2019-03-29T15:52:50","date_gmt":"2019-03-29T15:52:50","guid":{"rendered":"https:\/\/www.garofoli.com\/informativa-privacy-agli-utenti\/"},"modified":"2025-04-23T11:11:20","modified_gmt":"2025-04-23T11:11:20","slug":"informativa-privacy-agli-utenti","status":"publish","type":"page","link":"https:\/\/www.garofoli.com\/es\/informativa-privacy-agli-utenti\/","title":{"rendered":"Informativa Privacy agli Utenti"},"content":{"rendered":"<p align=\"justify\"><b>Garofoli S.p.A. <\/b>con domicilio social en <b>via Recanatese 37, 60022, Castelfidardo (AN)<\/b>, N\u00famero de IVA <b>00323420422<\/b> (en adelante, el \u201c<b>Responsable<\/b>\u201d), propietario del sitio web <b>https:\/\/www.<\/b><b>garofoli.com<\/b> (en adelante, el \u201c<b>Sitio<\/b>\u201d), en calidad de <b>responsable del tratamiento<\/b> <b>de los datos personales<\/b> de los usuarios que navegan y est\u00e1n registrados en el Sitio (en adelante, los \u201c<b>Usuarios<\/b>\u201d) proporciona a continuaci\u00f3n la informaci\u00f3n de privacidad conforme al art. 13 del Reglamento UE 2016\/679 de 27 de abril de 2016 (en adelante, el \u201c<b>Reglamento<\/b>\u201d o \u201c<b>Normativa Aplicable<\/b>\u201d).<\/p>\n<p align=\"justify\">Este Sitio y los servicios eventualmente ofrecidos a trav\u00e9s del Sitio est\u00e1n reservados a sujetos que hayan cumplido dieciocho a\u00f1os de edad. El Responsable no recopila, por tanto, datos personales relativos a sujetos menores de 18 a\u00f1os. A solicitud de los Usuarios, el Responsable eliminar\u00e1 de forma inmediata todos los datos personales recogidos involuntariamente y relativos a sujetos menores de 18 a\u00f1os.<\/p>\n<p align=\"justify\">El Responsable tiene en la m\u00e1xima consideraci\u00f3n el derecho a la privacidad y a la protecci\u00f3n de los datos personales de sus Usuarios. Para cualquier informaci\u00f3n en relaci\u00f3n con la presente pol\u00edtica de privacidad, los Usuarios pueden <b>contactar al Responsable<\/b> en cualquier momento, utilizando los m\u00e9todos descritos en el punto 4.<\/p>\n<p>&nbsp;<\/p>\n<ol>\n<li>\n<p align=\"justify\"><b>Finalidades del tratamiento <\/b><\/p>\n<\/li>\n<\/ol>\n<p align=\"justify\">Los datos personales de los Usuarios ser\u00e1n tratados l\u00edcitamente por el Responsable conforme al art. 6 del Reglamento para las siguientes finalidades de tratamiento:<\/p>\n<ol type=\"a\">\n<li>\n<p align=\"justify\"><u><b>Navegaci\u00f3n del sitio, <\/b><\/u>en relaci\u00f3n con la posibilidad de detectar datos del Usuario necesarios a nivel t\u00e9cnico, como por ejemplo la direcci\u00f3n IP, durante la navegaci\u00f3n del sitio.<\/p>\n<\/li>\n<li>\n<p align=\"justify\"><u><b>Env\u00edo de boletines informativos, <\/b><\/u>previa solicitud espec\u00edfica del interesado.<\/p>\n<\/li>\n<li>\n<p align=\"justify\"><u><b>Respuesta a sus solicitudes de informaci\u00f3n, <\/b><\/u>recibidas a trav\u00e9s del correspondiente formulario de contacto.<\/p>\n<\/li>\n<li>\n<p align=\"justify\"><u><b>Registro en el \u00e1rea reservada del sitio, <\/b><\/u>a trav\u00e9s del cual acceder a los programas de env\u00edo\/entrega, descargar la documentaci\u00f3n relativa al negocio (fichas t\u00e9cnicas, cat\u00e1logos, circulares, confirmaciones de pedido, facturas por ejemplo)<\/p>\n<\/li>\n<li>\n<p align=\"justify\"><u><b>Obligaciones legales<\/b><\/u>, es decir, para cumplir con obligaciones previstas por la ley, por una autoridad, por un reglamento o por la normativa europea.<\/p>\n<\/li>\n<li>\n<p align=\"justify\"><u><b>Recepci\u00f3n de curr\u00edculos utilizados para la selecci\u00f3n de personal, <\/b><\/u>a trav\u00e9s del correspondiente formulario de inserci\u00f3n. Una pol\u00edtica espec\u00edfica ser\u00e1 facilitada en la p\u00e1gina correspondiente.<\/p>\n<\/li>\n<\/ol>\n<p align=\"justify\">El suministro de datos personales para las finalidades de tratamiento antes mencionadas es opcional pero necesario, ya que la falta de suministro de los mismos implicar\u00e1 la imposibilidad para el Usuario de navegar por el sitio, registrarse en el Sitio y utilizar los servicios ofrecidos por el Responsable en el Sitio.<\/p>\n<p align=\"justify\">Con referencia a las finalidades indicadas en los puntos 1\/a, 1\/b 1\/c, 1\/d, la base jur\u00eddica del tratamiento es de hecho la ejecuci\u00f3n de los servicios proporcionados a trav\u00e9s del Sitio y solicitados por Usted (conforme al art\u00edculo 6, p\u00e1rrafo 1, letra b del Reglamento de Privacidad 2016\/679); con referencia a las finalidades 1\/f mencionadas en el p\u00e1rrafo anterior, la base jur\u00eddica del tratamiento de los datos pertenecientes a categor\u00edas particulares contenidos potencialmente en el curr\u00edculo es su eventual consentimiento expresado libremente (conforme al art\u00edculo 9, p\u00e1rrafo 2, letra a del Reglamento de Privacidad 2016\/679); con referencia a las finalidades indicadas en el punto 1\/e del p\u00e1rrafo anterior, la base jur\u00eddica del tratamiento es cumplir una obligaci\u00f3n legal a la que est\u00e1 sujeto el responsable del tratamiento (conforme al art\u00edculo 6, p\u00e1rrafo 1, letra c del Reglamento de Privacidad 2016\/679).<\/p>\n<p>&nbsp;<\/p>\n<ol start=\"2\">\n<li>\n<p align=\"justify\"><b>Modalidades de tratamiento y tiempos de conservaci\u00f3n de los datos <\/b><\/p>\n<\/li>\n<\/ol>\n<p align=\"justify\">El Responsable tratar\u00e1 los datos personales de los Usuarios mediante herramientas manuales e inform\u00e1ticas, con l\u00f3gicas estrictamente relacionadas con las finalidades mismas y, en todo caso, de forma que garantice la seguridad y la confidencialidad de los datos mismos.<\/p>\n<p align=\"justify\">Los datos personales de los Usuarios del Sitio ser\u00e1n conservados durante el tiempo estrictamente necesario para cumplir con las finalidades indicadas en el p\u00e1rrafo 1 anterior, o en cualquier caso seg\u00fan lo necesario para la tutela en sede civil de los intereses tanto de los Usuarios como del Responsable. En relaci\u00f3n con la finalidad indicada en el punto 1.b los datos ser\u00e1n conservados hasta que Usted se oponga al env\u00edo del bolet\u00edn informativo, a trav\u00e9s del correspondiente enlace contenido en el mismo o a trav\u00e9s de los m\u00e9todos de ejercicio de los derechos indicados en el p\u00e1rrafo 5.<\/p>\n<p>&nbsp;<\/p>\n<ol start=\"3\">\n<li>\n<p align=\"justify\">\u00a0<b>\u00c1mbito de comunicaci\u00f3n y difusi\u00f3n de los datos<\/b><\/p>\n<\/li>\n<\/ol>\n<p align=\"justify\">Podr\u00e1n conocer los datos personales de los Usuarios los empleados y\/o colaboradores del Responsable encargados de gestionar el Sitio. Dichos sujetos, que son formalmente nombrados por el Responsable como \u201cencargados del tratamiento\u201d, tratar\u00e1n los datos del Usuario exclusivamente para las finalidades indicadas en la presente pol\u00edtica y conforme a las disposiciones de la Normativa Aplicable.<\/p>\n<p align=\"justify\">Tambi\u00e9n podr\u00e1n conocer los datos personales de los Usuarios los sujetos terceros que podr\u00e1n tratar datos personales por cuenta del Responsable en calidad de \u201c<b>Responsables Externos del Tratamiento<\/b>\u201d, tales como, a t\u00edtulo enunciativo, proveedores de servicios inform\u00e1ticos y log\u00edsticos funcionales a la operatividad del Sitio, proveedores de servicios en <i>outsourcing<\/i> o <i>cloud computing<\/i>, profesionales y consultores.<\/p>\n<p align=\"justify\">Los datos tambi\u00e9n podr\u00e1n ser comunicados a la Administraci\u00f3n Financiera y\/o a otras autoridades p\u00fablicas donde as\u00ed lo imponga la ley o por solicitud de las mismas.<\/p>\n<p align=\"justify\">Los Usuarios tienen derecho a obtener una lista de los eventuales responsables del tratamiento nombrados por el Responsable, solicit\u00e1ndolo al Responsable con los m\u00e9todos indicados en el p\u00e1rrafo 4 siguiente.<\/p>\n<p>&nbsp;<\/p>\n<ol start=\"4\">\n<li>\n<p align=\"justify\"><b>Social media connect<\/b><\/p>\n<\/li>\n<\/ol>\n<p align=\"justify\">Este sitio tambi\u00e9n incorpora plugins de redes sociales. Cuando Usted visita una p\u00e1gina de nuestro sitio web que contiene un plugin, su navegador se conecta directamente a los servidores de la red social desde donde se carga el plugin, cuyo servidor puede rastrear su visita a nuestro sitio web y, si corresponde, asociarla a su cuenta de la red social, en particular si est\u00e1 conectado en el momento de la visita o si ha navegado recientemente en uno de los sitios web que contienen plugins sociales. Si no desea que la red social registre los datos relativos a su visita en nuestro sitio web, debe salir de su cuenta de la red social y, probablemente, eliminar las cookies que la red social ha instalado en su navegador. En este sitio est\u00e1n instalados <b>plugins con funciones de protecci\u00f3n avanzada de la privacidad de los Usuarios<\/b>, que no env\u00edan cookies ni acceden a las cookies presentes en el navegador del Usuario al abrir la p\u00e1gina, sino solo despu\u00e9s del clic en el plugin. La recopilaci\u00f3n y el uso de la informaci\u00f3n por parte de estos terceros est\u00e1n regulados por las respectivas pol\u00edticas de privacidad a las cuales se ruega referirse:<\/p>\n<ol start=\"3\">\n<li style=\"list-style-type: none;\">\n<ol>\n<li>\n<p align=\"justify\">Facebook (<a href=\"https:\/\/www.facebook.com\/help\/cookies\/\">enlace pol\u00edtica de cookies<\/a>)<\/p>\n<\/li>\n<\/ol>\n<\/li>\n<\/ol>\n<p align=\"justify\">En caso de que Usted est\u00e9 visitando una p\u00e1gina de nuestro sitio web que contiene un plugin de Facebook, el navegador en uso crea una conexi\u00f3n directa con los servidores de Facebook. El contenido del plugin es transmitido por Facebook directamente al navegador y, desde este, conectado al sitio web.<\/p>\n<p align=\"justify\">A trav\u00e9s de la inclusi\u00f3n del plugin, Facebook obtiene la informaci\u00f3n de que su navegador ha consultado nuestro sitio web aunque Usted mismo no disponga de una cuenta de Facebook o no haya iniciado sesi\u00f3n en la red social en ese momento. Esta informaci\u00f3n (incluida la direcci\u00f3n IP) es transmitida por el navegador directamente al servidor de Facebook (en los Estados Unidos de Am\u00e9rica) y all\u00ed guardada. En caso de que haya iniciado sesi\u00f3n en Facebook, Facebook puede vincular el acceso a nuestra p\u00e1gina de Facebook directamente con su p\u00e1gina personal.<\/p>\n<p align=\"justify\">Facebook puede utilizar la informaci\u00f3n con fines publicitarios, de investigaci\u00f3n de mercado y de configuraci\u00f3n conforme a las necesidades. Al respecto, se crean por parte de Facebook perfiles de uso, intereses y relaciones, por ejemplo para evaluar el uso de nuestro sitio web en relaci\u00f3n con los anuncios publicitarios mostrados en su p\u00e1gina de Facebook, informar a otros usuarios de Facebook en relaci\u00f3n con las actividades realizadas por Usted en nuestro sitio web y proporcionar otros servicios relacionados con el uso de Facebook.<\/p>\n<p align=\"justify\">En caso de que Usted no desee que Facebook atribuya los datos recopilados en nuestra p\u00e1gina web a su perfil, debe cerrar sesi\u00f3n en Facebook antes de acceder a nuestro sitio web. Para m\u00e1s informaci\u00f3n sobre el tratamiento de datos por parte de Facebook, los derechos en relaci\u00f3n con ellos y la posibilidad de regular su tratamiento, le rogamos consulte la pol\u00edtica de privacidad de Facebook.<\/p>\n<p>&nbsp;<\/p>\n<ol start=\"5\">\n<li>\n<p align=\"justify\"><b>Derechos de los Interesados<\/b><\/p>\n<\/li>\n<\/ol>\n<p align=\"justify\">Los Usuarios podr\u00e1n ejercer los derechos garantizados por la Normativa Aplicable, contactando al Responsable mediante los siguientes m\u00e9todos:<\/p>\n<ul>\n<li>\n<p align=\"justify\">Enviando una carta certificada con acuse de recibo al domicilio social del Responsable<\/p>\n<\/li>\n<li>\n<p align=\"justify\">Enviando un mensaje de correo electr\u00f3nico a la direcci\u00f3n <b>privacy@garofoli.com<\/b>;<\/p>\n<\/li>\n<\/ul>\n<p align=\"justify\">Conforme a la Normativa Aplicable, los usuarios podr\u00e1n ejercer los derechos de los arts. 15 y siguientes del Reglamento, en las modalidades previstas por el art. 12 del mismo.<\/p>\n<p align=\"justify\">En caso de que considere que el tratamiento que le concierne infringe el Reglamento, tiene derecho a <b>presentar una reclamaci\u00f3n ante una Autoridad de control <\/b>(en el Estado miembro en el que residen habitualmente, en aquel en el que trabajan o en aquel en el que se ha producido la presunta infracci\u00f3n). La Autoridad de control italiana es el <b>Garante para la protecci\u00f3n de los datos personales<\/b> &#8211; <a href=\"http:\/\/www.garanteprivacy.it\/\">http:\/\/www.garanteprivacy.it\/<\/a> &#8211; garante@gpdp.it<\/p>\n","protected":false},"excerpt":{"rendered":"<p>Garofoli S.p.A. con domicilio social en via Recanatese 37, 60022, Castelfidardo (AN), N\u00famero de IVA 00323420422 (en adelante, el \u201cResponsable\u201d), propietario del sitio web https:\/\/www.garofoli.com (en adelante, el \u201cSitio\u201d), en calidad de responsable del tratamiento de los datos personales de los usuarios que navegan y est\u00e1n registrados en el Sitio (en adelante, los \u201cUsuarios\u201d) proporciona [&hellip;]<\/p>\n","protected":false},"author":3,"featured_media":0,"parent":0,"menu_order":0,"comment_status":"closed","ping_status":"closed","template":"tpl-generic-unique.php","meta":{"_acf_changed":false,"footnotes":""},"yst_prominent_words":[],"class_list":["post-1429271","page","type-page","status-publish","hentry"],"acf":[],"_links":{"self":[{"href":"https:\/\/www.garofoli.com\/es\/wp-json\/wp\/v2\/pages\/1429271","targetHints":{"allow":["GET"]}}],"collection":[{"href":"https:\/\/www.garofoli.com\/es\/wp-json\/wp\/v2\/pages"}],"about":[{"href":"https:\/\/www.garofoli.com\/es\/wp-json\/wp\/v2\/types\/page"}],"author":[{"embeddable":true,"href":"https:\/\/www.garofoli.com\/es\/wp-json\/wp\/v2\/users\/3"}],"replies":[{"embeddable":true,"href":"https:\/\/www.garofoli.com\/es\/wp-json\/wp\/v2\/comments?post=1429271"}],"version-history":[{"count":1,"href":"https:\/\/www.garofoli.com\/es\/wp-json\/wp\/v2\/pages\/1429271\/revisions"}],"predecessor-version":[{"id":1429272,"href":"https:\/\/www.garofoli.com\/es\/wp-json\/wp\/v2\/pages\/1429271\/revisions\/1429272"}],"wp:attachment":[{"href":"https:\/\/www.garofoli.com\/es\/wp-json\/wp\/v2\/media?parent=1429271"}],"wp:term":[{"taxonomy":"yst_prominent_words","embeddable":true,"href":"https:\/\/www.garofoli.com\/es\/wp-json\/wp\/v2\/yst_prominent_words?post=1429271"}],"curies":[{"name":"wp","href":"https:\/\/api.w.org\/{rel}","templated":true}]}}

<p align="justify"><b>Garofoli S.p.A. </b>con domicilio social en <b>via Recanatese 37, 60022, Castelfidardo (AN)</b>, Número de IVA <b>00323420422</b> (en adelante, el “<b>Responsable</b>”), propietario del sitio web <b>https://www.</b><b>garofoli.com</b> (en adelante, el “<b>Sitio</b>”), en calidad de <b>responsable del tratamiento</b> <b>de los datos personales</b> de los usuarios que navegan y están registrados en el Sitio (en adelante, los “<b>Usuarios</b>”) proporciona a continuación la información de privacidad conforme al art. 13 del Reglamento UE 2016/679 de 27 de abril de 2016 (en adelante, el “<b>Reglamento</b>” o “<b>Normativa Aplicable</b>”).</p>
<p align="justify">Este Sitio y los servicios eventualmente ofrecidos a través del Sitio están reservados a sujetos que hayan cumplido dieciocho años de edad. El Responsable no recopila, por tanto, datos personales relativos a sujetos menores de 18 años. A solicitud de los Usuarios, el Responsable eliminará de forma inmediata todos los datos personales recogidos involuntariamente y relativos a sujetos menores de 18 años.</p>
<p align="justify">El Responsable tiene en la máxima consideración el derecho a la privacidad y a la protección de los datos personales de sus Usuarios. Para cualquier información en relación con la presente política de privacidad, los Usuarios pueden <b>contactar al Responsable</b> en cualquier momento, utilizando los métodos descritos en el punto 4.</p>
<p>&nbsp;</p>
<ol>
<li>
<p align="justify"><b>Finalidades del tratamiento </b></p>
</li>
</ol>
<p align="justify">Los datos personales de los Usuarios serán tratados lícitamente por el Responsable conforme al art. 6 del Reglamento para las siguientes finalidades de tratamiento:</p>
<ol type="a">
<li>
<p align="justify"><u><b>Navegación del sitio, </b></u>en relación con la posibilidad de detectar datos del Usuario necesarios a nivel técnico, como por ejemplo la dirección IP, durante la navegación del sitio.</p>
</li>
<li>
<p align="justify"><u><b>Envío de boletines informativos, </b></u>previa solicitud específica del interesado.</p>
</li>
<li>
<p align="justify"><u><b>Respuesta a sus solicitudes de información, </b></u>recibidas a través del correspondiente formulario de contacto.</p>
</li>
<li>
<p align="justify"><u><b>Registro en el área reservada del sitio, </b></u>a través del cual acceder a los programas de envío/entrega, descargar la documentación relativa al negocio (fichas técnicas, catálogos, circulares, confirmaciones de pedido, facturas por ejemplo)</p>
</li>
<li>
<p align="justify"><u><b>Obligaciones legales</b></u>, es decir, para cumplir con obligaciones previstas por la ley, por una autoridad, por un reglamento o por la normativa europea.</p>
</li>
<li>
<p align="justify"><u><b>Recepción de currículos utilizados para la selección de personal, </b></u>a través del correspondiente formulario de inserción. Una política específica será facilitada en la página correspondiente.</p>
</li>
</ol>
<p align="justify">El suministro de datos personales para las finalidades de tratamiento antes mencionadas es opcional pero necesario, ya que la falta de suministro de los mismos implicará la imposibilidad para el Usuario de navegar por el sitio, registrarse en el Sitio y utilizar los servicios ofrecidos por el Responsable en el Sitio.</p>
<p align="justify">Con referencia a las finalidades indicadas en los puntos 1/a, 1/b 1/c, 1/d, la base jurídica del tratamiento es de hecho la ejecución de los servicios proporcionados a través del Sitio y solicitados por Usted (conforme al artículo 6, párrafo 1, letra b del Reglamento de Privacidad 2016/679); con referencia a las finalidades 1/f mencionadas en el párrafo anterior, la base jurídica del tratamiento de los datos pertenecientes a categorías particulares contenidos potencialmente en el currículo es su eventual consentimiento expresado libremente (conforme al artículo 9, párrafo 2, letra a del Reglamento de Privacidad 2016/679); con referencia a las finalidades indicadas en el punto 1/e del párrafo anterior, la base jurídica del tratamiento es cumplir una obligación legal a la que está sujeto el responsable del tratamiento (conforme al artículo 6, párrafo 1, letra c del Reglamento de Privacidad 2016/679).</p>
<p>&nbsp;</p>
<ol start="2">
<li>
<p align="justify"><b>Modalidades de tratamiento y tiempos de conservación de los datos </b></p>
</li>
</ol>
<p align="justify">El Responsable tratará los datos personales de los Usuarios mediante herramientas manuales e informáticas, con lógicas estrictamente relacionadas con las finalidades mismas y, en todo caso, de forma que garantice la seguridad y la confidencialidad de los datos mismos.</p>
<p align="justify">Los datos personales de los Usuarios del Sitio serán conservados durante el tiempo estrictamente necesario para cumplir con las finalidades indicadas en el párrafo 1 anterior, o en cualquier caso según lo necesario para la tutela en sede civil de los intereses tanto de los Usuarios como del Responsable. En relación con la finalidad indicada en el punto 1.b los datos serán conservados hasta que Usted se oponga al envío del boletín informativo, a través del correspondiente enlace contenido en el mismo o a través de los métodos de ejercicio de los derechos indicados en el párrafo 5.</p>
<p>&nbsp;</p>
<ol start="3">
<li>
<p align="justify"> <b>Ámbito de comunicación y difusión de los datos</b></p>
</li>
</ol>
<p align="justify">Podrán conocer los datos personales de los Usuarios los empleados y/o colaboradores del Responsable encargados de gestionar el Sitio. Dichos sujetos, que son formalmente nombrados por el Responsable como “encargados del tratamiento”, tratarán los datos del Usuario exclusivamente para las finalidades indicadas en la presente política y conforme a las disposiciones de la Normativa Aplicable.</p>
<p align="justify">También podrán conocer los datos personales de los Usuarios los sujetos terceros que podrán tratar datos personales por cuenta del Responsable en calidad de “<b>Responsables Externos del Tratamiento</b>”, tales como, a título enunciativo, proveedores de servicios informáticos y logísticos funcionales a la operatividad del Sitio, proveedores de servicios en <i>outsourcing</i> o <i>cloud computing</i>, profesionales y consultores.</p>
<p align="justify">Los datos también podrán ser comunicados a la Administración Financiera y/o a otras autoridades públicas donde así lo imponga la ley o por solicitud de las mismas.</p>
<p align="justify">Los Usuarios tienen derecho a obtener una lista de los eventuales responsables del tratamiento nombrados por el Responsable, solicitándolo al Responsable con los métodos indicados en el párrafo 4 siguiente.</p>
<p>&nbsp;</p>
<ol start="4">
<li>
<p align="justify"><b>Social media connect</b></p>
</li>
</ol>
<p align="justify">Este sitio también incorpora plugins de redes sociales. Cuando Usted visita una página de nuestro sitio web que contiene un plugin, su navegador se conecta directamente a los servidores de la red social desde donde se carga el plugin, cuyo servidor puede rastrear su visita a nuestro sitio web y, si corresponde, asociarla a su cuenta de la red social, en particular si está conectado en el momento de la visita o si ha navegado recientemente en uno de los sitios web que contienen plugins sociales. Si no desea que la red social registre los datos relativos a su visita en nuestro sitio web, debe salir de su cuenta de la red social y, probablemente, eliminar las cookies que la red social ha instalado en su navegador. En este sitio están instalados <b>plugins con funciones de protección avanzada de la privacidad de los Usuarios</b>, que no envían cookies ni acceden a las cookies presentes en el navegador del Usuario al abrir la página, sino solo después del clic en el plugin. La recopilación y el uso de la información por parte de estos terceros están regulados por las respectivas políticas de privacidad a las cuales se ruega referirse:</p>
<ol start="3">
<li style="list-style-type: none;">
<ol>
<li>
<p align="justify">Facebook (<a href="https://www.facebook.com/help/cookies/">enlace política de cookies</a>)</p>
</li>
</ol>
</li>
</ol>
<p align="justify">En caso de que Usted esté visitando una página de nuestro sitio web que contiene un plugin de Facebook, el navegador en uso crea una conexión directa con los servidores de Facebook. El contenido del plugin es transmitido por Facebook directamente al navegador y, desde este, conectado al sitio web.</p>
<p align="justify">A través de la inclusión del plugin, Facebook obtiene la información de que su navegador ha consultado nuestro sitio web aunque Usted mismo no disponga de una cuenta de Facebook o no haya iniciado sesión en la red social en ese momento. Esta información (incluida la dirección IP) es transmitida por el navegador directamente al servidor de Facebook (en los Estados Unidos de América) y allí guardada. En caso de que haya iniciado sesión en Facebook, Facebook puede vincular el acceso a nuestra página de Facebook directamente con su página personal.</p>
<p align="justify">Facebook puede utilizar la información con fines publicitarios, de investigación de mercado y de configuración conforme a las necesidades. Al respecto, se crean por parte de Facebook perfiles de uso, intereses y relaciones, por ejemplo para evaluar el uso de nuestro sitio web en relación con los anuncios publicitarios mostrados en su página de Facebook, informar a otros usuarios de Facebook en relación con las actividades realizadas por Usted en nuestro sitio web y proporcionar otros servicios relacionados con el uso de Facebook.</p>
<p align="justify">En caso de que Usted no desee que Facebook atribuya los datos recopilados en nuestra página web a su perfil, debe cerrar sesión en Facebook antes de acceder a nuestro sitio web. Para más información sobre el tratamiento de datos por parte de Facebook, los derechos en relación con ellos y la posibilidad de regular su tratamiento, le rogamos consulte la política de privacidad de Facebook.</p>
<p>&nbsp;</p>
<ol start="5">
<li>
<p align="justify"><b>Derechos de los Interesados</b></p>
</li>
</ol>
<p align="justify">Los Usuarios podrán ejercer los derechos garantizados por la Normativa Aplicable, contactando al Responsable mediante los siguientes métodos:</p>
<ul>
<li>
<p align="justify">Enviando una carta certificada con acuse de recibo al domicilio social del Responsable</p>
</li>
<li>
<p align="justify">Enviando un mensaje de correo electrónico a la dirección <b>privacy@garofoli.com</b>;</p>
</li>
</ul>
<p align="justify">Conforme a la Normativa Aplicable, los usuarios podrán ejercer los derechos de los arts. 15 y siguientes del Reglamento, en las modalidades previstas por el art. 12 del mismo.</p>
<p align="justify">En caso de que considere que el tratamiento que le concierne infringe el Reglamento, tiene derecho a <b>presentar una reclamación ante una Autoridad de control </b>(en el Estado miembro en el que residen habitualmente, en aquel en el que trabajan o en aquel en el que se ha producido la presunta infracción). La Autoridad de control italiana es el <b>Garante para la protección de los datos personales</b> &#8211; <a href="http://www.garanteprivacy.it/">http://www.garanteprivacy.it/</a> &#8211; garante@gpdp.it</p>

<p>Garofoli S.p.A. con domicilio social en via Recanatese 37, 60022, Castelfidardo (AN), Número de IVA 00323420422 (en adelante, el “Responsable”), propietario del sitio web https://www.garofoli.com (en adelante, el “Sitio”), en calidad de responsable del tratamiento de los datos personales de los usuarios que navegan y están registrados en el Sitio (en adelante, los “Usuarios”) proporciona [&hellip;]</p>
